he units digit of (c - 0)/((-1)/10)?
0
Let o = -7 + 18. Let s be 3/2 + (-25)/(-10). Suppose -2 = -r - a, 2*a = -r + s*r - o. What is the units digit of r?
3
Let q = -8 + 28. What is the tens digit of q?
2
Suppose 3223 = 14*h - 487. What is the units digit of h?
5
Suppose 0 = 5*h - 0*h - 95. What is the tens digit of h?
1
Let d = -10 + 4. What is the units digit of ((-28)/(-6))/((-4)/d)?
7
What is the tens digit of 59 + (-7)/14*(-8)/(-1)?
5
Let n = 369 - 227. What is the units digit of n?
2
Let s be (-2)/2*(5 + -1). What is the units digit of ((-22)/4)/(2/s)?
1
Suppose -10 = -4*o + 2. Suppose -5*f + 3 = -2*f. Suppose -o*d + 8 = -f. What is the units digit of d?
3
Let j = 5 - 3. Suppose 0 = -3*h + 2*h + j. Suppose 0 = v - h*v + 16. What is the units digit of v?
6
Suppose -7 + 457 = 3*w. Let s be 2/(-7) - w/(-35). Suppose -32 + 0 = -2*m + 2*v, 0 = -s*m - 5*v + 28. What is the tens digit of m?
1
Suppose 0 = 3*q + 2*q. Let h be q + (0 + 0)/(-2). Suppose h = 2*z - 20 - 18. What is the units digit of z?
9
Let m be 0 - (-1 + 1 - 6). Suppose -1 = d - m. Suppose -25 = -d*x + 3*r - r, 5*x = r + 30. What is the units digit of x?
7
Let g = 6 - 6. Suppose g*r + r - 4 = 0. What is the units digit of r?
4
Suppose 0 = 4*t - 4. Let i = t - -9. What is the units digit of i?
0
Suppose 0 = 2*t - 11 + 3. Suppose 3*l - t*p - 5 = 0, -2*l - 4*p = 12 - 2. Let d = l + 3. What is the units digit of d?
2
Let f = -2 + -6. Let h(k) = -6*k - 1 - k**2 + 2 + 3*k - 5*k. What is the units digit of h(f)?
1
What is the tens digit of 2/9 + 1115/45 + 3?
2
Let m(a) = a**2 + 6*a + 9. Let u = -6 - 0. Let i be m(u). What is the units digit of i/(-12) - 46/(-8)?
5
Let r(o) = o**3 - o**2 - o - 2. What is the tens digit of r(3)?
1
Let v be (-4 + -1)*4/5. Let c = v - -7. Suppose 0 = -c*g + g + 8. What is the units digit of g?
4
Let b(f) = -f**2 + 14*f + 2. What is the units digit of b(10)?
2
Let t = 24 - 12. Let h = t - -2. What is the units digit of h?
4
Suppose 4*r = -2*k + 100, -3*r = -0*k - 3*k - 84. What is the tens digit of r?
2
Let q(w) = 3*w**2 + 5*w - 16. What is the units digit of q(3)?
6
Let o(p) = -p**2 - 4*p + 4. Let c be o(-4). What is the units digit of (-3)/(-6) - (-26)/c?
7
Let h(g) = g**2 - g - 1. Let f(s) = s**2 - s. Let z be (6/(-18))/(1/3). Let l(q) = z*f(q) + 3*h(q). What is the units digit of l(4)?
1
Suppose 2*i = 2*l, -i - 3 = -4*i + 2*l. What is the units digit of ((-3)/1)/i - -3?
2
Suppose f - 4*f = 3*h - 381, 5*f + 2*h = 632. What is the units digit of f/8 + (-1)/(-4)?
6
Suppose 3*p + 4*d = 20, -4*p - 2*d - 5 = -15. Let s be (1/(-3))/((-1)/6). Suppose r = -p*r + s. What is the units digit of r?
2
Let r(t) = -t + 3. Let u be r(6). Let y(o) = -3*o - 4. Let m(n) = 6*n + 9. Let l(h) = 3*m(h) + 7*y(h). What is the units digit of l(u)?
8
Let z(b) = 4*b**2 + 2*b - 2. Let p(d) be the first derivative of -d**4/4 + 8*d**3/3 + d**2/2 - 10*d + 1. Let y be p(8). What is the tens digit of z(y)?
1
Let f = 1 + 2. Let a = 6 - f. Suppose 64 = a*j + j. What is the tens digit of j?
1
Let j = -35 + 57. Let x = 36 - j. Suppose -1 = 2*w + v - 0*v, -3*v = -5*w + x. What is the units digit of w?
1
What is the tens digit of 20/(-3)*(-36)/20?
1
Let p = 12 + -27. Let o = 25 + p. Suppose t - o = 4. What is the units digit of t?
4
Suppose 0 = f - 4*f. Suppose 1 = -f*z + z. What is the units digit of z*(8 + (-2 - -2))?
8
Suppose -4*i - i - 1 = 4*m, -3*m = 12. Suppose -8 = h + i*f - 34, 70 = 3*h + 5*f. What is the units digit of h?
0
Suppose -4 = -r - 0*r. Suppose -r*b = -b. Let g = 4 + b. What is the units digit of g?
4
Let u = 24 - -28. What is the tens digit of u?
5
What is the units digit of (-2)/(-1 - (-2)/(-2))?
1
Let l = 101 - 20. What is the units digit of l?
1
Let y(a) = -a**3 - 8*a**2 - 8*a - 5. Let t be y(-7). Suppose 0 = -3*c - t*d, -4*d = -2*d + 6. What is the units digit of 1 - c - 1 - -5?
3
Suppose -4*i + i = 0. Suppose -306 = -4*g + g - 3*k, 5*g - 5*k - 540 = i. What is the units digit of (-6)/4 - g/(-10)?
9
Let v(c) = -3*c. What is the units digit of v(-5)?
5
Let b(j) = -5 - j**2 + 6*j**3 + 5. Let m be (-6)/(-8) + 2/8. What is the units digit of b(m)?
5
Let i(x) = x**3 + 8*x**2 + 5*x - 2. What is the tens digit of i(-7)?
1
Let w = 26 + -11. Let g be (3 - 2)*23 - (7 - 5). Suppose 1 = -q - l + g, -3*l = -w. What is the tens digit of q?
1
Let m(t) = t**3 + 8*t**2 - t + 11. What is the units digit of m(-8)?
9
Suppose 6*h - 523 = -139. What is the tens digit of h?
6
Let m(l) be the third derivative of -1/6*l**3 + 1/120*l**6 + 4*l**2 + 0*l + 0 - 1/24*l**4 + 1/20*l**5. What is the tens digit of m(2)?
1
Let w be 7/2 + (-5)/10. Suppose 13 = 5*l + w, -74 = -2*i + 3*l. What is the tens digit of i?
4
Let j(y) be the second derivative of y**4/6 - y**3/6 - y**2/2 + y. What is the tens digit of j(5)?
4
Let f(b) = -b**3 - 3*b**2 + 3*b - 1. Let k be f(-4). Suppose k = -4*i + 5*i. What is the units digit of i?
3
Suppose -5*s = 4*a - 156, 0*s - 3*a = 3*s - 93. What is the tens digit of s?
3
Let b(n) = n + 10. Suppose -4*k = -z + 20, -z + 7 = -5*k - 18. What is the units digit of b(z)?
0
Let q(y) = -2*y + 119. What is the units digit of q(0)?
9
Suppose -32 = 3*l - 4*l. What is the tens digit of l?
3
Suppose 3*l = 3*k + 12, 0*k - k = -4*l + 16. Suppose 5*j - 2 - 3 = k. What is the units digit of (6 - 3)*(2 - j)?
3
Suppose -4*m = -2*g - 2*g - 24, 3*g = 4*m - 20. What is the tens digit of (17/m)/(2/4)?
1
Let f(b) = -b**3 + 11*b**2 - 9*b + 5. Let l be f(10). Let t(q) = -q**3 - 7*q**2 - 5*q + 8. Let y be t(-6). Suppose l = -y*d + 7*d. What is the units digit of d?
3
What is the tens digit of -2*(-2)/(-14) + (-27285)/(-119)?
2
Suppose 4*h - 4*n = -2*n + 374, -2*h = -2*n - 186. What is the units digit of h?
4
Suppose -15*i + 9*i + 24 = 0. What is the units digit of i?
4
Suppose -5*t = -a + 225 + 28, 2*a + t = 517. Suppose -46 = 4*v - a. What is the tens digit of v?
5
What is the units digit of (4 + (-22)/4)*512/(-6)?
8
Let p(d) = 15*d - 27. What is the units digit of p(8)?
3
Let a = 7 - 3. Suppose 0 = -4*v - 4 - a, 3*w = -4*v + 1. Suppose -6*r + 2 = -2*r + w*u, 2*u + 14 = 5*r. What is the units digit of r?
2
Let s(x) = 5*x + 5 + 0*x**2 - 4 - x**2. Let n be s(4). Suppose 5*z + 26 = 3*j, 2*z + 11 - n = -j. What is the units digit of j?
2
Let l(v) = -v**3 + v**2 + 2*v + 1. Let h be l(-1). What is the units digit of (h + -12)/((-9)/45)?
5
Let s(t) = -3*t**3 + t**2 + t + 1. Let f be s(-1). Let o be 1*f*4/8. What is the units digit of (-8 - -6) + 2*o?
2
Let u be -1*(-10)/4*6. Let x = u - 9. What is the units digit of x?
6
Let l be (-76)/5 + (-6)/(-30). Let z = 31 + l. What is the tens digit of z?
1
Let g(r) = 5*r**2 + 7*r - 5. What is the tens digit of g(-6)?
3
Let x = -1 - -2. Let d be 1*(3 + -2)*x. What is the units digit of d*5 - (1 - 1)?
5
Let w(o) = o**2 - 7*o + 4. Let l be w(6). What is the tens digit of 50/((-1)/(l/4))?
2
Suppose -1809 = -5*r - 4*r. What is the hundreds digit of r?
2
What is the units digit of 1832/56 + (-2)/(-7)?
3
What is the tens digit of -1*1/(-1) + 94?
9
Let j(r) = -2*r - 3*r + 2*r + 3*r**2 - r**3. Let a be j(2). What is the units digit of (-2)/3*21/a?
7
What is the tens digit of ((-182)/8)/((-2)/8*1)?
9
Let n = -353 - -518. What is the tens digit of n?
6
Let r = 21 + 90. Suppose -4*g + 4*q + r = -q, 0 = -5*g - q + 117. What is the tens digit of g?
2
Suppose 2*j = j. Let z = 4 - j. Suppose -20 = -0*p - z*p - 5*g, 0 = -g. What is the units digit of p?
5
Suppose d + 7 = -0*d. Let z = -3 + 5. Let s = z - d. What is the units digit of s?
9
Suppose -4*t - 8 = 0, q - t + 4 = -6*t. Let p = q - 3. Suppose 0 = -5*h - p*m - 0*m + 32, m + 1 = 0. What is the units digit of h?
7
Suppose g + 175 = 5*o, 3*o - 3*g - g = 105. What is the units digit of o?
5
What is the hundreds digit of 20/(((-8)/116)/(-1)*1)?
2
Suppose -7*b - 195 = -832. What is the tens digit of b?
9
Suppose -4*r + z + 233 - 91 = 0, -4*r + 154 = 5*z. What is the tens digit of r?
3
Suppose -5*a = -3*h - 5, -16 = -5*a - h + 9. Suppose a*n + 7 = 19. Suppose 5*v = n + 2. What is the units digit of v?
1
Suppose -5*v + 6 = -2*t + 1, -4 = -4*v + 4*t. Let y be (v - 6)*28/(-5). Suppose 5*g + 5*n + 3 = y, -2*n = -4*g + 20. What is the units digit of g?
5
Let m = 4 + -5. Let p = m - -4. What is the units digit of p?
3
Suppose 5*d - 2*q 